{"id":33029,"date":"2023-11-27T11:12:13","date_gmt":"2023-11-27T10:12:13","guid":{"rendered":"https:\/\/www.kschmied.ch\/?post_type=product&#038;p=33029"},"modified":"2025-11-19T11:33:35","modified_gmt":"2025-11-19T10:33:35","slug":"conteneur-maritime-20-box-usage-conteneurs-a-location","status":"publish","type":"product","link":"https:\/\/kschmied.ch\/fr\/container\/preisanfrage\/conteneur-maritime-20-box-usage-conteneurs-a-location\/","title":{"rendered":"Conteneur maritime 20&prime; Box, d&rsquo;occasion - CONTENEURS \u00c0 LOCATION"},"content":{"rendered":"<p><strong>Les conteneurs maritimes de 20 pieds<\/strong> sont des conteneurs en acier normalis\u00e9s (norme ISO 668) qui ne sont pas uniquement utilis\u00e9s pour le transport outre-mer. Il a une porte \u00e0 double battant qui peut \u00eatre ferm\u00e9e \u00e0 l&rsquo;aide de barres de verrouillage.<\/p>\n<p>Gr\u00e2ce aux propri\u00e9t\u00e9s robustes, durables et empilables des conteneurs maritimes, ces conteneurs populaires peuvent \u00eatre utilis\u00e9s de diff\u00e9rentes mani\u00e8res.<\/p>\n<p>&nbsp;<\/p>\n<p><strong>ZONE D&rsquo;APPLICATION:<\/strong><\/p>\n<ul>\n<li>Conteneur de transport<\/li>\n<li>Entrep\u00f4t de mat\u00e9riaux, entrep\u00f4t de pneus, magazine sur les chantiers de construction<\/li>\n<li>Ateliers mobiles<\/li>\n<li>Projets de construction<\/li>\n<li>Objets d&rsquo;art<\/li>\n<\/ul>\n<p>&nbsp;<\/p>\n<p>&nbsp;<\/p>\n<p><strong>CONTENEURS D&rsquo;OCCASION - LOCATION :<\/strong><\/p>\n<p>Les conteneurs de location d&rsquo;occasion ont g\u00e9n\u00e9ralement entre 12 et 18 ans. Malgr\u00e9 leur \u00e2ge, ces conteneurs sont encore r\u00e9sistants au vent et \u00e0 l&rsquo;eau, mais pr\u00e9sentent des bosses et des abrasions moyennes \u00e0 importantes (\u00e0 l&rsquo;int\u00e9rieur et \u00e0 l&rsquo;ext\u00e9rieur).<\/p>\n<p>&nbsp;<\/p>\n<p><strong>PHOTOS :<\/strong><\/p>\n<p>Les images montrent des exemples de photos de conteneurs maritimes d&rsquo;occasion. Veuillez noter que l&rsquo;\u00e9tat et la couleur des conteneurs de location peuvent varier.<\/p>\n","protected":false},"excerpt":{"rendered":"<p>standard\/DV\/TEU - conteneur maritime<\/p>\n<p><span style=\"color: #000000;\"><strong>COULEURS: <\/strong><\/span><br \/>\n<span style=\"color: #000000;\">selon disponibilit\u00e9<\/span><\/p>\n<p><span style=\"color: #00ff00;\">\u2714<\/span> ISO standardis\u00e9e<br \/>\n<span style=\"color: #00ff00;\">\u2714<\/span> coupe- vent et imperm\u00e9able<br \/>\n<span style=\"color: #00ff00;\">\u2714<\/span> Parquet<\/p>\n<p><a href=\"https:\/\/kschmied.ch\/fr\/requete-de-prix\/\" class=\"btn-back\">Retour \u00e0 l&rsquo;aper\u00e7u<\/a><\/p>\n<p>&nbsp;<\/p>\n","protected":false},"featured_media":28099,"template":"","meta":{"_acf_changed":false},"product_brand":[],"product_cat":[707,706],"product_tag":[],"class_list":{"0":"post-33029","1":"product","2":"type-product","3":"status-publish","4":"has-post-thumbnail","6":"product_cat-conteneur-de-stockage","7":"product_cat-conteneur-maritime","8":"pa_ausfuehrung-boite-standard","9":"pa_aussenmasse-6058-x-2438-x-2591-mm-norme-iso","10":"pa_boden-bois-bambou-plancher-acier-sur-demande","11":"pa_containertyp-conteneur-de-stockage","12":"pa_containertyp-conteneur-maritime","13":"pa_eigengewicht-2000-kg-2400-kg-selon-lannee-de-construction-et-la-serie-de-modeles","14":"pa_groesse-20-pieds-l-6m","15":"pa_haftungsausschluss-sous-reserve-derreurs-et-de-modifications-techniques","16":"pa_innenmasse-5898-x-2350-x-2390-mm-40-mm-selon-lannee-de-construction-et-le-type","17":"pa_option-louer","18":"pa_tueroeffnung-2340-x-2280-mm-20-mm-selon-lannee-de-construction-et-le-type","19":"pa_volumen-environ-33-m3","20":"pa_zuladung-max-21-t-fr","21":"pa_zustand-doccasion","23":"first","24":"instock","25":"taxable","26":"shipping-taxable","27":"product-type-simple"},"acf":[],"yoast_head":"<!-- This site is optimized with the Yoast SEO Premium plugin v27.4 (Yoast SEO v27.4) - https:\/\/yoast.com\/product\/yoast-seo-premium-wordpress\/ -->\n<title>Conteneur maritime 20&#039; Box, d&#039;occasion - CONTENEURS \u00c0 LOCATION - K. Schmied AG \u2013 Conteneurs &amp; Exp\u00e9dition Suisse<\/title>\n<meta name=\"robots\" content=\"index, follow, max-snippet:-1, max-image-preview:large, max-video-preview:-1\" \/>\n<link rel=\"canonical\" href=\"https:\/\/kschmied.ch\/fr\/container\/preisanfrage\/conteneur-maritime-20-box-usage-conteneurs-a-location\/\" \/>\n<meta property=\"og:locale\" content=\"fr_FR\" \/>\n<meta property=\"og:type\" content=\"article\" \/>\n<meta property=\"og:title\" content=\"Conteneur maritime 20&#039; Box, d&#039;occasion - CONTENEURS \u00c0 LOCATION\" \/>\n<meta property=\"og:description\" content=\"standard\/DV\/TEU - conteneur maritime COULEURS: selon disponibilit\u00e9 \u2714 ISO standardis\u00e9e \u2714 coupe- vent et imperm\u00e9able \u2714 Parquet Retour \u00e0 l&#039;aper\u00e7u &nbsp;\" \/>\n<meta property=\"og:url\" content=\"https:\/\/kschmied.ch\/fr\/container\/preisanfrage\/conteneur-maritime-20-box-usage-conteneurs-a-location\/\" \/>\n<meta property=\"og:site_name\" content=\"K. Schmied AG \u2013 Conteneurs &amp; Exp\u00e9dition Suisse\" \/>\n<meta property=\"article:modified_time\" content=\"2025-11-19T10:33:35+00:00\" \/>\n<meta property=\"og:image\" content=\"https:\/\/kschmied.ch\/wp-content\/uploads\/2019\/07\/20_Seecontainer_gebraucht.jpg\" \/>\n\t<meta property=\"og:image:width\" content=\"740\" \/>\n\t<meta property=\"og:image:height\" content=\"540\" \/>\n\t<meta property=\"og:image:type\" content=\"image\/jpeg\" \/>\n<meta name=\"twitter:card\" content=\"summary_large_image\" \/>\n<meta name=\"twitter:label1\" content=\"Prix\" \/>\n\t<meta name=\"twitter:data1\" content=\"\" \/>\n\t<meta name=\"twitter:label2\" content=\"Disponibilit\u00e9\" \/>\n\t<meta name=\"twitter:data2\" content=\"En stock\" \/>\n<meta property=\"product:price:currency\" content=\"CHF\" \/>\n<meta property=\"og:availability\" content=\"instock\" \/>\n<meta property=\"product:availability\" content=\"instock\" \/>\n<meta property=\"product:retailer_item_id\" content=\"DV20U-M\" \/>\n<meta property=\"product:condition\" content=\"new\" \/>\n<!-- \/ Yoast SEO Premium plugin. -->","yoast_head_json":{"title":"Conteneur maritime 20' Box, d'occasion - CONTENEURS \u00c0 LOCATION - K. Schmied AG \u2013 Conteneurs &amp; Exp\u00e9dition Suisse","robots":{"index":"index","follow":"follow","max-snippet":"max-snippet:-1","max-image-preview":"max-image-preview:large","max-video-preview":"max-video-preview:-1"},"canonical":"https:\/\/kschmied.ch\/fr\/container\/preisanfrage\/conteneur-maritime-20-box-usage-conteneurs-a-location\/","og_locale":"fr_FR","og_type":"article","og_title":"Conteneur maritime 20' Box, d'occasion - CONTENEURS \u00c0 LOCATION","og_description":"standard\/DV\/TEU - conteneur maritime COULEURS: selon disponibilit\u00e9 \u2714 ISO standardis\u00e9e \u2714 coupe- vent et imperm\u00e9able \u2714 Parquet Retour \u00e0 l'aper\u00e7u &nbsp;","og_url":"https:\/\/kschmied.ch\/fr\/container\/preisanfrage\/conteneur-maritime-20-box-usage-conteneurs-a-location\/","og_site_name":"K. Schmied AG \u2013 Conteneurs &amp; Exp\u00e9dition Suisse","article_modified_time":"2025-11-19T10:33:35+00:00","og_image":[{"width":740,"height":540,"url":"https:\/\/kschmied.ch\/wp-content\/uploads\/2019\/07\/20_Seecontainer_gebraucht.jpg","type":"image\/jpeg"}],"twitter_card":"summary_large_image","twitter_misc":{"Prix":"","Disponibilit\u00e9":"En stock"},"schema":{"@context":"https:\/\/schema.org","@graph":[{"@type":"WebPage","@id":"https:\/\/kschmied.ch\/fr\/container\/preisanfrage\/conteneur-maritime-20-box-usage-conteneurs-a-location\/","url":"https:\/\/kschmied.ch\/fr\/container\/preisanfrage\/conteneur-maritime-20-box-usage-conteneurs-a-location\/","name":"Conteneur maritime 20' Box, d'occasion - CONTENEURS \u00c0 LOCATION - K. Schmied AG \u2013 Conteneurs &amp; Exp\u00e9dition Suisse","isPartOf":{"@id":"https:\/\/kschmied.ch\/fr\/#website"},"primaryImageOfPage":{"@id":"https:\/\/kschmied.ch\/fr\/container\/preisanfrage\/conteneur-maritime-20-box-usage-conteneurs-a-location\/#primaryimage"},"image":{"@id":"https:\/\/kschmied.ch\/fr\/container\/preisanfrage\/conteneur-maritime-20-box-usage-conteneurs-a-location\/#primaryimage"},"thumbnailUrl":"https:\/\/kschmied.ch\/wp-content\/uploads\/2019\/07\/20_Seecontainer_gebraucht.jpg","datePublished":"2023-11-27T10:12:13+00:00","dateModified":"2025-11-19T10:33:35+00:00","breadcrumb":{"@id":"https:\/\/kschmied.ch\/fr\/container\/preisanfrage\/conteneur-maritime-20-box-usage-conteneurs-a-location\/#breadcrumb"},"inLanguage":"fr-FR","potentialAction":[{"@type":"ReadAction","target":["https:\/\/kschmied.ch\/fr\/container\/preisanfrage\/conteneur-maritime-20-box-usage-conteneurs-a-location\/"]}]},{"@type":"ImageObject","inLanguage":"fr-FR","@id":"https:\/\/kschmied.ch\/fr\/container\/preisanfrage\/conteneur-maritime-20-box-usage-conteneurs-a-location\/#primaryimage","url":"https:\/\/kschmied.ch\/wp-content\/uploads\/2019\/07\/20_Seecontainer_gebraucht.jpg","contentUrl":"https:\/\/kschmied.ch\/wp-content\/uploads\/2019\/07\/20_Seecontainer_gebraucht.jpg","width":740,"height":540,"caption":"Conteneur de stockage DV20 d'occasion, r\u00e9sistant au vent et \u00e0 l'eau - offre gratuite"},{"@type":"BreadcrumbList","@id":"https:\/\/kschmied.ch\/fr\/container\/preisanfrage\/conteneur-maritime-20-box-usage-conteneurs-a-location\/#breadcrumb","itemListElement":[{"@type":"ListItem","position":1,"name":"Accueil","item":"https:\/\/kschmied.ch\/fr\/"},{"@type":"ListItem","position":2,"name":"Conteneur maritime 20&#8242; Box, d&#8217;occasion - CONTENEURS \u00c0 LOCATION"}]},{"@type":"WebSite","@id":"https:\/\/kschmied.ch\/fr\/#website","url":"https:\/\/kschmied.ch\/fr\/","name":"K. SCHMIED AG","description":"Commerce suisse de conteneurs &amp; exp\u00e9dition depuis 1979","publisher":{"@id":"https:\/\/kschmied.ch\/fr\/#organization"},"alternateName":"K. SCHMIED AG","potentialAction":[{"@type":"SearchAction","target":{"@type":"EntryPoint","urlTemplate":"https:\/\/kschmied.ch\/fr\/?s={search_term_string}"},"query-input":{"@type":"PropertyValueSpecification","valueRequired":true,"valueName":"search_term_string"}}],"inLanguage":"fr-FR"},{"@type":"Organization","@id":"https:\/\/kschmied.ch\/fr\/#organization","name":"K. SCHMIED AG","alternateName":"K. SCHMIED AG","url":"https:\/\/kschmied.ch\/fr\/","logo":{"@type":"ImageObject","inLanguage":"fr-FR","@id":"https:\/\/kschmied.ch\/fr\/#\/schema\/logo\/image\/","url":"https:\/\/kschmied.ch\/wp-content\/uploads\/2020\/07\/LOGO-gross.jpg","contentUrl":"https:\/\/kschmied.ch\/wp-content\/uploads\/2020\/07\/LOGO-gross.jpg","width":770,"height":240,"caption":"K. SCHMIED AG"},"image":{"@id":"https:\/\/kschmied.ch\/fr\/#\/schema\/logo\/image\/"},"sameAs":["https:\/\/ch.linkedin.com\/company\/k-schmied-ag"],"description":"K. SCHMIED AG ist ein f\u00fchrendes Unternehmen im Bereich Containerverkauf und -vermietung in der Schweiz. Mit langj\u00e4hriger Erfahrung bieten wir unseren Kunden robuste, langlebige Seecontainer, Lagercontainer und Schnellbaucontainer in verschiedenen Gr\u00f6\u00dfen und Ausf\u00fchrungen. Unser Service umfasst auch Transportl\u00f6sungen, ma\u00dfgeschneiderte Containeranforderungen und weltweiten Versand. Qualit\u00e4t, Kundenzufriedenheit und Zuverl\u00e4ssigkeit stehen bei uns an erster Stelle.","email":"info@kschmied.ch","telephone":"041 811 30 03","legalName":"K. SCHMIED internat. Transporte & Handels AG","foundingDate":"1979-01-01","vatID":"CHE-107.962.018 MWST","taxID":"CHE-107.962.018 MWST","numberOfEmployees":{"@type":"QuantitativeValue","minValue":"1","maxValue":"10"}}]},"product_price_currency":"CHF","og_availability":"instock","product_availability":"instock","product_retailer_item_id":"DV20U-M","product_condition":"new"},"_links":{"self":[{"href":"https:\/\/kschmied.ch\/fr\/wp-json\/wp\/v2\/product\/33029","targetHints":{"allow":["GET"]}}],"collection":[{"href":"https:\/\/kschmied.ch\/fr\/wp-json\/wp\/v2\/product"}],"about":[{"href":"https:\/\/kschmied.ch\/fr\/wp-json\/wp\/v2\/types\/product"}],"wp:featuredmedia":[{"embeddable":true,"href":"https:\/\/kschmied.ch\/fr\/wp-json\/wp\/v2\/media\/28099"}],"wp:attachment":[{"href":"https:\/\/kschmied.ch\/fr\/wp-json\/wp\/v2\/media?parent=33029"}],"wp:term":[{"taxonomy":"product_brand","embeddable":true,"href":"https:\/\/kschmied.ch\/fr\/wp-json\/wp\/v2\/product_brand?post=33029"},{"taxonomy":"product_cat","embeddable":true,"href":"https:\/\/kschmied.ch\/fr\/wp-json\/wp\/v2\/product_cat?post=33029"},{"taxonomy":"product_tag","embeddable":true,"href":"https:\/\/kschmied.ch\/fr\/wp-json\/wp\/v2\/product_tag?post=33029"}],"curies":[{"name":"wp","href":"https:\/\/api.w.org\/{rel}","templated":true}]}}

Conteneur maritime 20&prime; Box, d&rsquo;occasion - CONTENEURS À LOCATION

<p><strong>Les conteneurs maritimes de 20 pieds</strong> sont des conteneurs en acier normalisés (norme ISO 668) qui ne sont pas uniquement utilisés pour le transport outre-mer. Il a une porte à double battant qui peut être fermée à l&rsquo;aide de barres de verrouillage.</p>
<p>Grâce aux propriétés robustes, durables et empilables des conteneurs maritimes, ces conteneurs populaires peuvent être utilisés de différentes manières.</p>
<p>&nbsp;</p>
<p><strong>ZONE D&rsquo;APPLICATION:</strong></p>
<ul>
<li>Conteneur de transport</li>
<li>Entrepôt de matériaux, entrepôt de pneus, magazine sur les chantiers de construction</li>
<li>Ateliers mobiles</li>
<li>Projets de construction</li>
<li>Objets d&rsquo;art</li>
</ul>
<p>&nbsp;</p>
<p>&nbsp;</p>
<p><strong>CONTENEURS D&rsquo;OCCASION - LOCATION :</strong></p>
<p>Les conteneurs de location d&rsquo;occasion ont généralement entre 12 et 18 ans. Malgré leur âge, ces conteneurs sont encore résistants au vent et à l&rsquo;eau, mais présentent des bosses et des abrasions moyennes à importantes (à l&rsquo;intérieur et à l&rsquo;extérieur).</p>
<p>&nbsp;</p>
<p><strong>PHOTOS :</strong></p>
<p>Les images montrent des exemples de photos de conteneurs maritimes d&rsquo;occasion. Veuillez noter que l&rsquo;état et la couleur des conteneurs de location peuvent varier.</p>

<p>standard/DV/TEU - conteneur maritime</p>
<p><span style="color: #000000;"><strong>COULEURS: </strong></span><br />
<span style="color: #000000;">selon disponibilité</span></p>
<p><span style="color: #00ff00;">✔</span> ISO standardisée<br />
<span style="color: #00ff00;">✔</span> coupe- vent et imperméable<br />
<span style="color: #00ff00;">✔</span> Parquet</p>
<p><a href="https://kschmied.ch/fr/requete-de-prix/" class="btn-back">Retour à l&rsquo;aperçu</a></p>
<p>&nbsp;</p>

<!-- This site is optimized with the Yoast SEO Premium plugin v27.4 (Yoast SEO v27.4) - https://yoast.com/product/yoast-seo-premium-wordpress/ -->
<title>Conteneur maritime 20&#039; Box, d&#039;occasion - CONTENEURS À LOCATION - K. Schmied AG – Conteneurs &amp; Expédition Suisse</title>
<meta name="robots" content="index, follow, max-snippet:-1, max-image-preview:large, max-video-preview:-1" />
<link rel="canonical" href="https://kschmied.ch/fr/container/preisanfrage/conteneur-maritime-20-box-usage-conteneurs-a-location/" />
<meta property="og:locale" content="fr_FR" />
<meta property="og:type" content="article" />
<meta property="og:title" content="Conteneur maritime 20&#039; Box, d&#039;occasion - CONTENEURS À LOCATION" />
<meta property="og:description" content="standard/DV/TEU - conteneur maritime COULEURS: selon disponibilité ✔ ISO standardisée ✔ coupe- vent et imperméable ✔ Parquet Retour à l&#039;aperçu &nbsp;" />
<meta property="og:url" content="https://kschmied.ch/fr/container/preisanfrage/conteneur-maritime-20-box-usage-conteneurs-a-location/" />
<meta property="og:site_name" content="K. Schmied AG – Conteneurs &amp; Expédition Suisse" />
<meta property="article:modified_time" content="2025-11-19T10:33:35+00:00" />
<meta property="og:image" content="https://kschmied.ch/wp-content/uploads/2019/07/20_Seecontainer_gebraucht.jpg" />
	<meta property="og:image:width" content="740" />
	<meta property="og:image:height" content="540" />
	<meta property="og:image:type" content="image/jpeg" />
<meta name="twitter:card" content="summary_large_image" />
<meta name="twitter:label1" content="Prix" />
	<meta name="twitter:data1" content="" />
	<meta name="twitter:label2" content="Disponibilité" />
	<meta name="twitter:data2" content="En stock" />
<meta property="product:price:currency" content="CHF" />
<meta property="og:availability" content="instock" />
<meta property="product:availability" content="instock" />
<meta property="product:retailer_item_id" content="DV20U-M" />
<meta property="product:condition" content="new" />
<!-- / Yoast SEO Premium plugin. -->

Conteneur maritime 20' Box, d'occasion - CONTENEURS À LOCATION - K. Schmied AG – Conteneurs &amp; Expédition Suisse

Conteneur maritime 20' Box, d'occasion - CONTENEURS À LOCATION

standard/DV/TEU - conteneur maritime COULEURS: selon disponibilité ✔ ISO standardisée ✔ coupe- vent et imperméable ✔ Parquet Retour à l'aperçu &nbsp;

K. Schmied AG – Conteneurs &amp; Expédition Suisse

Conteneur de stockage DV20 d'occasion, résistant au vent et à l'eau - offre gratuite

Conteneur maritime 20&#8242; Box, d&#8217;occasion - CONTENEURS À LOCATION

Commerce suisse de conteneurs &amp; expédition depuis 1979

K. SCHMIED AG ist ein führendes Unternehmen im Bereich Containerverkauf und -vermietung in der Schweiz. Mit langjähriger Erfahrung bieten wir unseren Kunden robuste, langlebige Seecontainer, Lagercontainer und Schnellbaucontainer in verschiedenen Größen und Ausführungen. Unser Service umfasst auch Transportlösungen, maßgeschneiderte Containeranforderungen und weltweiten Versand. Qualität, Kundenzufriedenheit und Zuverlässigkeit stehen bei uns an erster Stelle.
