{"id":38869,"date":"2025-10-14T20:43:11","date_gmt":"2025-10-14T18:43:11","guid":{"rendered":"https:\/\/kschmied.ch\/staging-k-s\/les-transports\/transport-de-projets\/"},"modified":"2025-10-14T20:43:11","modified_gmt":"2025-10-14T18:43:11","slug":"transport-de-projets","status":"publish","type":"page","link":"https:\/\/kschmied.ch\/fr\/les-transports\/transport-de-projets\/","title":{"rendered":"TRANSPORT DE PROJETS"},"content":{"rendered":"<div id=\"pl-38869\"  class=\"panel-layout\" ><div id=\"pg-38869-0\"  class=\"panel-grid panel-no-style\" ><div id=\"pgc-38869-0-0\"  class=\"panel-grid-cell\" ><div id=\"panel-38869-0-0-0\" class=\"so-panel widget widget_black-studio-tinymce widget_black_studio_tinymce panel-first-child panel-last-child\" data-index=\"0\" ><h3 class=\"widget-title\"><span class=\"widget-title__inline\">PROJEKTTANSPORTE<\/span><\/h3><div class=\"textwidget\"><p>Sollte Ihre Sendung mal nicht der Normgr\u00f6sse entsprechen oder ein grosses Laderaumvolumen n\u00f6tig sein, dann b\u00fcndeln wir die St\u00e4rken Vieler um so flexibel und schnell darauf reagieren zu k\u00f6nnen. <\/p>\n<p>Gerne greifen wir dabei auf unser erfahrenes und eingespieltes Partnernetzwerk unterschiedlichster Fr\u00e4chter, Reedereien und Agenten zur\u00fcck, um Ihnen auf ihr Projekt massgeschneidertes Logistikkonzept anbieten zu k\u00f6nnen. <\/p>\n<\/div><\/div><\/div><div id=\"pgc-38869-0-1\"  class=\"panel-grid-cell\" ><div id=\"panel-38869-0-1-0\" class=\"so-panel widget widget_black-studio-tinymce widget_black_studio_tinymce panel-first-child panel-last-child\" data-index=\"1\" ><div class=\"textwidget\"><p><img loading=\"lazy\" decoding=\"async\" class=\"aligncenter size-medium wp-image-4914\" src=\"https:\/\/www.kschmied.ch\/wp-content\/uploads\/2019\/09\/Uebermasstransporte-300x200.jpg\" alt=\"\" width=\"300\" height=\"200\" srcset=\"https:\/\/kschmied.ch\/wp-content\/uploads\/2019\/09\/Uebermasstransporte.jpg 300w, https:\/\/kschmied.ch\/wp-content\/uploads\/2019\/09\/Uebermasstransporte-272x182.jpg 272w\" sizes=\"auto, (max-width: 300px) 100vw, 300px\" \/><\/p>\n<\/div><\/div><\/div><\/div><div id=\"pg-38869-1\"  class=\"panel-grid panel-no-style\" ><div id=\"pgc-38869-1-0\"  class=\"panel-grid-cell\" ><div id=\"panel-38869-1-0-0\" class=\"so-panel widget widget_black-studio-tinymce widget_black_studio_tinymce panel-first-child panel-last-child\" data-index=\"2\" ><div class=\"textwidget\"><h4>SERVICE<\/h4>\n<p>- Schwertransporte<br \/>\n- \u00dcbermasstransporte<br \/>\n- Anlagen- und Projekttransporte<br \/>\n- Messetransporte<br \/>\n- Zollabwicklung<\/p>\n<\/div><\/div><\/div><div id=\"pgc-38869-1-1\"  class=\"panel-grid-cell\" ><div id=\"panel-38869-1-1-0\" class=\"so-panel widget widget_black-studio-tinymce widget_black_studio_tinymce panel-first-child panel-last-child\" data-index=\"3\" ><div class=\"textwidget\"><h4>VOLUMEN<\/h4>\n<p>- \u00dcbermasse<br \/>\n- Schwergut<br \/>\n- Grosse Laderaumkapazit\u00e4ten<\/p>\n<\/div><\/div><\/div><div id=\"pgc-38869-1-2\"  class=\"panel-grid-cell\" ><div id=\"panel-38869-1-2-0\" class=\"so-panel widget widget_black-studio-tinymce widget_black_studio_tinymce panel-first-child panel-last-child\" data-index=\"4\" ><div class=\"textwidget\"><p style=\"text-align: center;\"><span class='maxbutton-6-container mb-container'><a class=\"maxbutton-6 maxbutton maxbutton-anfrage-transport\" href=\"https:\/\/www.kschmied.ch\/kontakt\/transportanfrage\/\"><span class='mb-text'>TRANSPORTKOSTEN ANFRAGEN<\/span><\/a><\/span><\/p>\n<\/div><\/div><\/div><\/div><\/div>","protected":false},"excerpt":{"rendered":"<p>Les transports lourds, les transports hors gabarit, les transports d&rsquo;installations et de projets font partie de notre profil de prestations gr\u00e2ce \u00e0 notre r\u00e9seau performant.<\/p>\n","protected":false},"author":1,"featured_media":35265,"parent":28817,"menu_order":2,"comment_status":"closed","ping_status":"closed","template":"","meta":{"_acf_changed":false,"footnotes":""},"class_list":["post-38869","page","type-page","status-publish","has-post-thumbnail","hentry"],"acf":[],"yoast_head":"<!-- This site is optimized with the Yoast SEO Premium plugin v27.4 (Yoast SEO v27.4) - https:\/\/yoast.com\/product\/yoast-seo-premium-wordpress\/ -->\n<title>TRANSPORT DE PROJETS - K. Schmied AG \u2013 Conteneurs &amp; Exp\u00e9dition Suisse<\/title>\n<meta name=\"description\" content=\"Entdecken Sie hochwertige Seecontainer, Lagercontainer und Schnellbaucontainer zum Kauf oder zur Miete in der Schweiz. Erfahren Sie mehr \u00fcber die verf\u00fcgbaren Gr\u00f6\u00dfen, Ausf\u00fchrungen und Preise. Kontaktieren Sie uns f\u00fcr eine kostenlose Anfrage!\" \/>\n<meta name=\"robots\" content=\"index, follow, max-snippet:-1, max-image-preview:large, max-video-preview:-1\" \/>\n<link rel=\"canonical\" href=\"https:\/\/kschmied.ch\/fr\/les-transports\/transport-de-projets\/\" \/>\n<meta property=\"og:locale\" content=\"fr_FR\" \/>\n<meta property=\"og:type\" content=\"article\" \/>\n<meta property=\"og:title\" content=\"K. SCHMIED AG \u2013 Containerverkauf Schweiz\" \/>\n<meta property=\"og:description\" content=\"Ihr Partner f\u00fcr Seecontainer und Lagercontainer in der Schweiz \u2013 zum Kauf oder zur Miete, mit optionalem Kranablade-Service.\" \/>\n<meta property=\"og:url\" content=\"https:\/\/kschmied.ch\/fr\/les-transports\/transport-de-projets\/\" \/>\n<meta property=\"og:site_name\" content=\"K. Schmied AG \u2013 Conteneurs &amp; Exp\u00e9dition Suisse\" \/>\n<meta property=\"og:image\" content=\"https:\/\/kschmied.ch\/wp-content\/uploads\/2019\/09\/projekttransporte_f.jpg\" \/>\n\t<meta property=\"og:image:width\" content=\"300\" \/>\n\t<meta property=\"og:image:height\" content=\"200\" \/>\n\t<meta property=\"og:image:type\" content=\"image\/jpeg\" \/>\n<meta name=\"twitter:card\" content=\"summary_large_image\" \/>\n<!-- \/ Yoast SEO Premium plugin. -->","yoast_head_json":{"title":"TRANSPORT DE PROJETS - K. Schmied AG \u2013 Conteneurs &amp; Exp\u00e9dition Suisse","description":"Entdecken Sie hochwertige Seecontainer, Lagercontainer und Schnellbaucontainer zum Kauf oder zur Miete in der Schweiz. Erfahren Sie mehr \u00fcber die verf\u00fcgbaren Gr\u00f6\u00dfen, Ausf\u00fchrungen und Preise. Kontaktieren Sie uns f\u00fcr eine kostenlose Anfrage!","robots":{"index":"index","follow":"follow","max-snippet":"max-snippet:-1","max-image-preview":"max-image-preview:large","max-video-preview":"max-video-preview:-1"},"canonical":"https:\/\/kschmied.ch\/fr\/les-transports\/transport-de-projets\/","og_locale":"fr_FR","og_type":"article","og_title":"K. SCHMIED AG \u2013 Containerverkauf Schweiz","og_description":"Ihr Partner f\u00fcr Seecontainer und Lagercontainer in der Schweiz \u2013 zum Kauf oder zur Miete, mit optionalem Kranablade-Service.","og_url":"https:\/\/kschmied.ch\/fr\/les-transports\/transport-de-projets\/","og_site_name":"K. Schmied AG \u2013 Conteneurs &amp; Exp\u00e9dition Suisse","og_image":[{"width":300,"height":200,"url":"https:\/\/kschmied.ch\/wp-content\/uploads\/2019\/09\/projekttransporte_f.jpg","type":"image\/jpeg"}],"twitter_card":"summary_large_image","schema":{"@context":"https:\/\/schema.org","@graph":[{"@type":"WebPage","@id":"https:\/\/kschmied.ch\/fr\/les-transports\/transport-de-projets\/","url":"https:\/\/kschmied.ch\/fr\/les-transports\/transport-de-projets\/","name":"TRANSPORT DE PROJETS - K. Schmied AG \u2013 Conteneurs &amp; Exp\u00e9dition Suisse","isPartOf":{"@id":"https:\/\/kschmied.ch\/fr\/#website"},"primaryImageOfPage":{"@id":"https:\/\/kschmied.ch\/fr\/les-transports\/transport-de-projets\/#primaryimage"},"image":{"@id":"https:\/\/kschmied.ch\/fr\/les-transports\/transport-de-projets\/#primaryimage"},"thumbnailUrl":"https:\/\/kschmied.ch\/wp-content\/uploads\/2019\/09\/projekttransporte_f.jpg","datePublished":"2025-10-14T18:43:11+00:00","description":"Entdecken Sie hochwertige Seecontainer, Lagercontainer und Schnellbaucontainer zum Kauf oder zur Miete in der Schweiz. Erfahren Sie mehr \u00fcber die verf\u00fcgbaren Gr\u00f6\u00dfen, Ausf\u00fchrungen und Preise. Kontaktieren Sie uns f\u00fcr eine kostenlose Anfrage!","breadcrumb":{"@id":"https:\/\/kschmied.ch\/fr\/les-transports\/transport-de-projets\/#breadcrumb"},"inLanguage":"fr-FR","potentialAction":[{"@type":"ReadAction","target":["https:\/\/kschmied.ch\/fr\/les-transports\/transport-de-projets\/"]}]},{"@type":"ImageObject","inLanguage":"fr-FR","@id":"https:\/\/kschmied.ch\/fr\/les-transports\/transport-de-projets\/#primaryimage","url":"https:\/\/kschmied.ch\/wp-content\/uploads\/2019\/09\/projekttransporte_f.jpg","contentUrl":"https:\/\/kschmied.ch\/wp-content\/uploads\/2019\/09\/projekttransporte_f.jpg","width":300,"height":200,"caption":"Transports de projets, transports hors gabarit, transports lourds"},{"@type":"BreadcrumbList","@id":"https:\/\/kschmied.ch\/fr\/les-transports\/transport-de-projets\/#breadcrumb","itemListElement":[{"@type":"ListItem","position":1,"name":"Accueil","item":"https:\/\/kschmied.ch\/fr\/"},{"@type":"ListItem","position":2,"name":"les transports","item":"https:\/\/kschmied.ch\/fr\/les-transports\/"},{"@type":"ListItem","position":3,"name":"TRANSPORT DE PROJETS"}]},{"@type":"WebSite","@id":"https:\/\/kschmied.ch\/fr\/#website","url":"https:\/\/kschmied.ch\/fr\/","name":"K. SCHMIED AG","description":"Commerce suisse de conteneurs &amp; exp\u00e9dition depuis 1979","publisher":{"@id":"https:\/\/kschmied.ch\/fr\/#organization"},"alternateName":"K. SCHMIED AG","potentialAction":[{"@type":"SearchAction","target":{"@type":"EntryPoint","urlTemplate":"https:\/\/kschmied.ch\/fr\/?s={search_term_string}"},"query-input":{"@type":"PropertyValueSpecification","valueRequired":true,"valueName":"search_term_string"}}],"inLanguage":"fr-FR"},{"@type":"Organization","@id":"https:\/\/kschmied.ch\/fr\/#organization","name":"K. SCHMIED AG","alternateName":"K. SCHMIED AG","url":"https:\/\/kschmied.ch\/fr\/","logo":{"@type":"ImageObject","inLanguage":"fr-FR","@id":"https:\/\/kschmied.ch\/fr\/#\/schema\/logo\/image\/","url":"https:\/\/kschmied.ch\/wp-content\/uploads\/2020\/07\/LOGO-gross.jpg","contentUrl":"https:\/\/kschmied.ch\/wp-content\/uploads\/2020\/07\/LOGO-gross.jpg","width":770,"height":240,"caption":"K. SCHMIED AG"},"image":{"@id":"https:\/\/kschmied.ch\/fr\/#\/schema\/logo\/image\/"},"sameAs":["https:\/\/ch.linkedin.com\/company\/k-schmied-ag"],"description":"K. SCHMIED AG ist ein f\u00fchrendes Unternehmen im Bereich Containerverkauf und -vermietung in der Schweiz. Mit langj\u00e4hriger Erfahrung bieten wir unseren Kunden robuste, langlebige Seecontainer, Lagercontainer und Schnellbaucontainer in verschiedenen Gr\u00f6\u00dfen und Ausf\u00fchrungen. Unser Service umfasst auch Transportl\u00f6sungen, ma\u00dfgeschneiderte Containeranforderungen und weltweiten Versand. Qualit\u00e4t, Kundenzufriedenheit und Zuverl\u00e4ssigkeit stehen bei uns an erster Stelle.","email":"info@kschmied.ch","telephone":"041 811 30 03","legalName":"K. SCHMIED internat. Transporte & Handels AG","foundingDate":"1979-01-01","vatID":"CHE-107.962.018 MWST","taxID":"CHE-107.962.018 MWST","numberOfEmployees":{"@type":"QuantitativeValue","minValue":"1","maxValue":"10"}}]}},"_links":{"self":[{"href":"https:\/\/kschmied.ch\/fr\/wp-json\/wp\/v2\/pages\/38869","targetHints":{"allow":["GET"]}}],"collection":[{"href":"https:\/\/kschmied.ch\/fr\/wp-json\/wp\/v2\/pages"}],"about":[{"href":"https:\/\/kschmied.ch\/fr\/wp-json\/wp\/v2\/types\/page"}],"author":[{"embeddable":true,"href":"https:\/\/kschmied.ch\/fr\/wp-json\/wp\/v2\/users\/1"}],"replies":[{"embeddable":true,"href":"https:\/\/kschmied.ch\/fr\/wp-json\/wp\/v2\/comments?post=38869"}],"version-history":[{"count":0,"href":"https:\/\/kschmied.ch\/fr\/wp-json\/wp\/v2\/pages\/38869\/revisions"}],"up":[{"embeddable":true,"href":"https:\/\/kschmied.ch\/fr\/wp-json\/wp\/v2\/pages\/28817"}],"wp:featuredmedia":[{"embeddable":true,"href":"https:\/\/kschmied.ch\/fr\/wp-json\/wp\/v2\/media\/35265"}],"wp:attachment":[{"href":"https:\/\/kschmied.ch\/fr\/wp-json\/wp\/v2\/media?parent=38869"}],"curies":[{"name":"wp","href":"https:\/\/api.w.org\/{rel}","templated":true}]}}

<div id="pl-38869"  class="panel-layout" ><div id="pg-38869-0"  class="panel-grid panel-no-style" ><div id="pgc-38869-0-0"  class="panel-grid-cell" ><div id="panel-38869-0-0-0" class="so-panel widget widget_black-studio-tinymce widget_black_studio_tinymce panel-first-child panel-last-child" data-index="0" ><h3 class="widget-title"><span class="widget-title__inline">PROJEKTTANSPORTE</span></h3><div class="textwidget"><p>Sollte Ihre Sendung mal nicht der Normgrösse entsprechen oder ein grosses Laderaumvolumen nötig sein, dann bündeln wir die Stärken Vieler um so flexibel und schnell darauf reagieren zu können. </p>
<p>Gerne greifen wir dabei auf unser erfahrenes und eingespieltes Partnernetzwerk unterschiedlichster Frächter, Reedereien und Agenten zurück, um Ihnen auf ihr Projekt massgeschneidertes Logistikkonzept anbieten zu können. </p>
</div></div></div><div id="pgc-38869-0-1"  class="panel-grid-cell" ><div id="panel-38869-0-1-0" class="so-panel widget widget_black-studio-tinymce widget_black_studio_tinymce panel-first-child panel-last-child" data-index="1" ><div class="textwidget"><p><img loading="lazy" decoding="async" class="aligncenter size-medium wp-image-4914" src="https://www.kschmied.ch/wp-content/uploads/2019/09/Uebermasstransporte-300x200.jpg" alt="" width="300" height="200" srcset="https://kschmied.ch/wp-content/uploads/2019/09/Uebermasstransporte.jpg 300w, https://kschmied.ch/wp-content/uploads/2019/09/Uebermasstransporte-272x182.jpg 272w" sizes="auto, (max-width: 300px) 100vw, 300px" /></p>
</div></div></div></div><div id="pg-38869-1"  class="panel-grid panel-no-style" ><div id="pgc-38869-1-0"  class="panel-grid-cell" ><div id="panel-38869-1-0-0" class="so-panel widget widget_black-studio-tinymce widget_black_studio_tinymce panel-first-child panel-last-child" data-index="2" ><div class="textwidget"><h4>SERVICE</h4>
<p>- Schwertransporte<br />
- Übermasstransporte<br />
- Anlagen- und Projekttransporte<br />
- Messetransporte<br />
- Zollabwicklung</p>
</div></div></div><div id="pgc-38869-1-1"  class="panel-grid-cell" ><div id="panel-38869-1-1-0" class="so-panel widget widget_black-studio-tinymce widget_black_studio_tinymce panel-first-child panel-last-child" data-index="3" ><div class="textwidget"><h4>VOLUMEN</h4>
<p>- Übermasse<br />
- Schwergut<br />
- Grosse Laderaumkapazitäten</p>
</div></div></div><div id="pgc-38869-1-2"  class="panel-grid-cell" ><div id="panel-38869-1-2-0" class="so-panel widget widget_black-studio-tinymce widget_black_studio_tinymce panel-first-child panel-last-child" data-index="4" ><div class="textwidget"><p style="text-align: center;"><span class='maxbutton-6-container mb-container'><a class="maxbutton-6 maxbutton maxbutton-anfrage-transport" href="https://www.kschmied.ch/kontakt/transportanfrage/"><span class='mb-text'>TRANSPORTKOSTEN ANFRAGEN</span></a></span></p>
</div></div></div></div></div>

<p>Les transports lourds, les transports hors gabarit, les transports d&rsquo;installations et de projets font partie de notre profil de prestations grâce à notre réseau performant.</p>

<!-- This site is optimized with the Yoast SEO Premium plugin v27.4 (Yoast SEO v27.4) - https://yoast.com/product/yoast-seo-premium-wordpress/ -->
<title>TRANSPORT DE PROJETS - K. Schmied AG – Conteneurs &amp; Expédition Suisse</title>
<meta name="description" content="Entdecken Sie hochwertige Seecontainer, Lagercontainer und Schnellbaucontainer zum Kauf oder zur Miete in der Schweiz. Erfahren Sie mehr über die verfügbaren Größen, Ausführungen und Preise. Kontaktieren Sie uns für eine kostenlose Anfrage!" />
<meta name="robots" content="index, follow, max-snippet:-1, max-image-preview:large, max-video-preview:-1" />
<link rel="canonical" href="https://kschmied.ch/fr/les-transports/transport-de-projets/" />
<meta property="og:locale" content="fr_FR" />
<meta property="og:type" content="article" />
<meta property="og:title" content="K. SCHMIED AG – Containerverkauf Schweiz" />
<meta property="og:description" content="Ihr Partner für Seecontainer und Lagercontainer in der Schweiz – zum Kauf oder zur Miete, mit optionalem Kranablade-Service." />
<meta property="og:url" content="https://kschmied.ch/fr/les-transports/transport-de-projets/" />
<meta property="og:site_name" content="K. Schmied AG – Conteneurs &amp; Expédition Suisse" />
<meta property="og:image" content="https://kschmied.ch/wp-content/uploads/2019/09/projekttransporte_f.jpg" />
	<meta property="og:image:width" content="300" />
	<meta property="og:image:height" content="200" />
	<meta property="og:image:type" content="image/jpeg" />
<meta name="twitter:card" content="summary_large_image" />
<!-- / Yoast SEO Premium plugin. -->

TRANSPORT DE PROJETS - K. Schmied AG – Conteneurs &amp; Expédition Suisse

Entdecken Sie hochwertige Seecontainer, Lagercontainer und Schnellbaucontainer zum Kauf oder zur Miete in der Schweiz. Erfahren Sie mehr über die verfügbaren Größen, Ausführungen und Preise. Kontaktieren Sie uns für eine kostenlose Anfrage!

Ihr Partner für Seecontainer und Lagercontainer in der Schweiz – zum Kauf oder zur Miete, mit optionalem Kranablade-Service.

K. Schmied AG – Conteneurs &amp; Expédition Suisse

Commerce suisse de conteneurs &amp; expédition depuis 1979

K. SCHMIED AG ist ein führendes Unternehmen im Bereich Containerverkauf und -vermietung in der Schweiz. Mit langjähriger Erfahrung bieten wir unseren Kunden robuste, langlebige Seecontainer, Lagercontainer und Schnellbaucontainer in verschiedenen Größen und Ausführungen. Unser Service umfasst auch Transportlösungen, maßgeschneiderte Containeranforderungen und weltweiten Versand. Qualität, Kundenzufriedenheit und Zuverlässigkeit stehen bei uns an erster Stelle.
