{"id":28971,"date":"2022-05-20T14:14:11","date_gmt":"2022-05-20T12:14:11","guid":{"rendered":"https:\/\/www.kschmied.ch\/les-transports\/fret-aerien\/"},"modified":"2022-05-20T14:14:11","modified_gmt":"2022-05-20T12:14:11","slug":"fret-aerien","status":"publish","type":"page","link":"https:\/\/kschmied.ch\/fr\/les-transports\/fret-aerien\/","title":{"rendered":"fret a\u00e9rien"},"content":{"rendered":"<div id=\"pl-28971\"  class=\"panel-layout\" ><div id=\"pg-28971-0\"  class=\"panel-grid panel-no-style\" ><div id=\"pgc-28971-0-0\"  class=\"panel-grid-cell\" ><div id=\"panel-28971-0-0-0\" class=\"so-panel widget widget_black-studio-tinymce widget_black_studio_tinymce panel-first-child panel-last-child\" data-index=\"0\" ><h3 class=\"widget-title\"><span class=\"widget-title__inline\">LUFTFRACHT \u2013 WELTWEIT<\/span><\/h3><div class=\"textwidget\"><p>Luftfracht - wenn Fixkosten gesenkt und Lieferzeiten verk\u00fcrzt werden m\u00fcssen.<\/p>\n<p>Zugang zu allen Airlines und unser weltweites Agentennetzwerk erm\u00f6glichen Schnelligkeit und eine hohe Flexibilit\u00e4t die zum erreichen dieser Ziele beitragen. Langj\u00e4hrige Erfahrung im Bereich von <strong>Einzel-, Sammel- und Charter-Luftfracht<\/strong> sichert die Zuverl\u00e4ssigkeit welche oft entscheidend ist.<\/p>\n<p>Als kleines, dynamisches Team bieten wir Ihnen unkomplizierte L\u00f6sungen und direkte Ansprechpartner um auch den h\u00f6chsten, logistischen Anforderungen gerecht zu werden. Die Vorteile von kurzen Reaktionszeiten durch massgeschneiderte L\u00f6sungen liegen auf der Hand.<\/p>\n<p>Gerne optimieren wir auch Ihre Laufzeiten und steigern damit Ihre Effizienz.<\/p>\n<\/div><\/div><\/div><div id=\"pgc-28971-0-1\"  class=\"panel-grid-cell\" ><div id=\"panel-28971-0-1-0\" class=\"so-panel widget widget_black-studio-tinymce widget_black_studio_tinymce panel-first-child panel-last-child\" data-index=\"1\" ><div class=\"textwidget\"><p><img loading=\"lazy\" decoding=\"async\" class=\"aligncenter wp-image-682 size-medium\" title=\"Luftfracht\" src=\"https:\/\/www.kschmied.ch\/wp-content\/uploads\/2016\/03\/Air_kl-Kopie-200x300.jpg\" alt=\"Luftfracht\" width=\"200\" height=\"300\" srcset=\"https:\/\/kschmied.ch\/wp-content\/uploads\/2016\/03\/Air_kl-Kopie-200x300.jpg 200w, https:\/\/kschmied.ch\/wp-content\/uploads\/2016\/03\/Air_kl-Kopie.jpg 283w\" sizes=\"auto, (max-width: 200px) 100vw, 200px\" \/><\/p>\n<p>&nbsp;<\/p>\n<p style=\"text-align: center;\"><span class='maxbutton-6-container mb-container'><a class=\"maxbutton-6 maxbutton maxbutton-anfrage-transport\" href=\"https:\/\/www.kschmied.ch\/kontakt\/transportanfrage\/\"><span class='mb-text'>TRANSPORTKOSTEN ANFRAGEN<\/span><\/a><\/span><\/p>\n<\/div><\/div><\/div><\/div><div id=\"pg-28971-1\"  class=\"panel-grid panel-no-style\" ><div id=\"pgc-28971-1-0\"  class=\"panel-grid-cell\" ><div id=\"panel-28971-1-0-0\" class=\"so-panel widget widget_black-studio-tinymce widget_black_studio_tinymce panel-first-child panel-last-child\" data-index=\"2\" ><div class=\"textwidget\"><p><span style=\"color: #000000;\"><strong>TRANSPORTG\u00dcTER<\/strong><\/span><\/p>\n<p>- Normalgut<br \/>\n- Gefahrengut (DGR)<br \/>\n- K\u00fchlgut<br \/>\n- Schwer-\/\u00dcbermassgut<\/p>\n<p><span style=\"color: #000000;\"><strong>VOLUMEN<\/strong><\/span><\/p>\n<p>- Einzel- &amp; Sammelluftfracht<br \/>\n- Voll- &amp; Teilcharter<\/p>\n<\/div><\/div><\/div><div id=\"pgc-28971-1-1\"  class=\"panel-grid-cell\" ><div id=\"panel-28971-1-1-0\" class=\"so-panel widget widget_black-studio-tinymce widget_black_studio_tinymce panel-first-child panel-last-child\" data-index=\"3\" ><div class=\"textwidget\"><p><span style=\"color: #000000;\"><strong>SERVICE<\/strong><\/span><\/p>\n<p>- Door-to-Door<br \/>\n- Zollabwicklung<br \/>\n- Versicherung<br \/>\n- Verpackung<br \/>\n- Neutralisation<br \/>\n- Etikettierung<br \/>\n- Lagerung<\/p>\n<p>&nbsp;<\/p>\n<\/div><\/div><\/div><div id=\"pgc-28971-1-2\"  class=\"panel-grid-cell\" ><div id=\"panel-28971-1-2-0\" class=\"so-panel widget widget_black-studio-tinymce widget_black_studio_tinymce panel-first-child panel-last-child\" data-index=\"4\" ><div class=\"textwidget\"><p><span style=\"color: #000000;\"><strong>N\u00dcTZLICHE LINKS<\/strong><\/span><\/p>\n<p>- <a href=\"https:\/\/www.track-trace.com\/aircargo\" target=\"_blank\" rel=\"noopener\">AIR Tracking<\/a><br \/>\n- <a href=\"https:\/\/www.iata.org\/publications\/pages\/code-search.aspx\" target=\"_blank\" rel=\"noopener\">Airline &amp; Airport Codes<\/a><\/p>\n<\/div><\/div><\/div><div id=\"pgc-28971-1-3\"  class=\"panel-grid-cell\" ><div id=\"panel-28971-1-3-0\" class=\"so-panel widget widget_black-studio-tinymce widget_black_studio_tinymce panel-first-child panel-last-child\" data-index=\"5\" ><div class=\"textwidget\"><p style=\"text-align: left;\"><a href=\"http:\/\/www.kschmied.ch\/wp-content\/uploads\/2015\/04\/LUFTFRACHT.pdf\" target=\"_blank\" rel=\"noopener\"><img loading=\"lazy\" decoding=\"async\" class=\"aligncenter wp-image-737 size-full\" src=\"https:\/\/www.kschmied.ch\/wp-content\/uploads\/2015\/04\/pdf-icon.png\" alt=\"LUFTFRACHT.PDF\" width=\"96\" height=\"96\" \/><\/a><\/p>\n<\/div><\/div><\/div><\/div><\/div>","protected":false},"excerpt":{"rendered":"<p>Rapide et fiable : Le r\u00e9seau de fret a\u00e9rien est l&rsquo;une des options de transport les plus fiables et les plus rapides de toutes. Des liaisons directes et un grand nombre de vols de correspondance permettent des livraisons dans les villes les plus importantes du monde en 1 \u00e0 3 jours. 3-5 jours ou plus ne doivent \u00eatre calcul\u00e9s que pour les destinations difficiles \u00e0 atteindre.<\/p>\n","protected":false},"author":1,"featured_media":28972,"parent":28817,"menu_order":2,"comment_status":"closed","ping_status":"closed","template":"","meta":{"_acf_changed":false,"footnotes":""},"class_list":["post-28971","page","type-page","status-publish","has-post-thumbnail","hentry"],"acf":[],"yoast_head":"<!-- This site is optimized with the Yoast SEO Premium plugin v27.4 (Yoast SEO v27.4) - https:\/\/yoast.com\/product\/yoast-seo-premium-wordpress\/ -->\n<title>Fret A\u00e9rien - FRET A\u00c9RIEN \/ Fret A\u00e9rien Unique \/ Fret A\u00e9rien Consolid\u00e9<\/title>\n<meta name=\"description\" content=\"Fret a\u00e9rien - rapide et fiable - dans le monde entier, fret a\u00e9rien individuel et fret a\u00e9rien consolid\u00e9, affr\u00e8tement complet et partiel, porte \u00e0 porte (marchandises commerciales), d\u00e9douanement\" \/>\n<meta name=\"robots\" content=\"index, follow, max-snippet:-1, max-image-preview:large, max-video-preview:-1\" \/>\n<link rel=\"canonical\" href=\"https:\/\/kschmied.ch\/fr\/les-transports\/fret-aerien\/\" \/>\n<meta property=\"og:locale\" content=\"fr_FR\" \/>\n<meta property=\"og:type\" content=\"article\" \/>\n<meta property=\"og:title\" content=\"K. SCHMIED AG \u2013 Containerverkauf Schweiz\" \/>\n<meta property=\"og:description\" content=\"Ihr Partner f\u00fcr Seecontainer und Lagercontainer in der Schweiz \u2013 zum Kauf oder zur Miete, mit optionalem Kranablade-Service.\" \/>\n<meta property=\"og:url\" content=\"https:\/\/kschmied.ch\/fr\/les-transports\/fret-aerien\/\" \/>\n<meta property=\"og:site_name\" content=\"K. Schmied AG \u2013 Conteneurs &amp; Exp\u00e9dition Suisse\" \/>\n<meta property=\"og:image\" content=\"https:\/\/kschmied.ch\/wp-content\/uploads\/2019\/11\/Luftfracht_f.jpg\" \/>\n\t<meta property=\"og:image:width\" content=\"300\" \/>\n\t<meta property=\"og:image:height\" content=\"200\" \/>\n\t<meta property=\"og:image:type\" content=\"image\/jpeg\" \/>\n<meta name=\"twitter:card\" content=\"summary_large_image\" \/>\n<meta name=\"twitter:label1\" content=\"Dur\u00e9e de lecture estim\u00e9e\" \/>\n\t<meta name=\"twitter:data1\" content=\"1 minute\" \/>\n<!-- \/ Yoast SEO Premium plugin. -->","yoast_head_json":{"title":"Fret A\u00e9rien - FRET A\u00c9RIEN \/ Fret A\u00e9rien Unique \/ Fret A\u00e9rien Consolid\u00e9","description":"Fret a\u00e9rien - rapide et fiable - dans le monde entier, fret a\u00e9rien individuel et fret a\u00e9rien consolid\u00e9, affr\u00e8tement complet et partiel, porte \u00e0 porte (marchandises commerciales), d\u00e9douanement","robots":{"index":"index","follow":"follow","max-snippet":"max-snippet:-1","max-image-preview":"max-image-preview:large","max-video-preview":"max-video-preview:-1"},"canonical":"https:\/\/kschmied.ch\/fr\/les-transports\/fret-aerien\/","og_locale":"fr_FR","og_type":"article","og_title":"K. SCHMIED AG \u2013 Containerverkauf Schweiz","og_description":"Ihr Partner f\u00fcr Seecontainer und Lagercontainer in der Schweiz \u2013 zum Kauf oder zur Miete, mit optionalem Kranablade-Service.","og_url":"https:\/\/kschmied.ch\/fr\/les-transports\/fret-aerien\/","og_site_name":"K. Schmied AG \u2013 Conteneurs &amp; Exp\u00e9dition Suisse","og_image":[{"width":300,"height":200,"url":"https:\/\/kschmied.ch\/wp-content\/uploads\/2019\/11\/Luftfracht_f.jpg","type":"image\/jpeg"}],"twitter_card":"summary_large_image","twitter_misc":{"Dur\u00e9e de lecture estim\u00e9e":"1 minute"},"schema":{"@context":"https:\/\/schema.org","@graph":[{"@type":"WebPage","@id":"https:\/\/kschmied.ch\/fr\/les-transports\/fret-aerien\/","url":"https:\/\/kschmied.ch\/fr\/les-transports\/fret-aerien\/","name":"Fret A\u00e9rien - FRET A\u00c9RIEN \/ Fret A\u00e9rien Unique \/ Fret A\u00e9rien Consolid\u00e9","isPartOf":{"@id":"https:\/\/kschmied.ch\/fr\/#website"},"primaryImageOfPage":{"@id":"https:\/\/kschmied.ch\/fr\/les-transports\/fret-aerien\/#primaryimage"},"image":{"@id":"https:\/\/kschmied.ch\/fr\/les-transports\/fret-aerien\/#primaryimage"},"thumbnailUrl":"https:\/\/kschmied.ch\/wp-content\/uploads\/2019\/11\/Luftfracht_f.jpg","datePublished":"2022-05-20T12:14:11+00:00","description":"Fret a\u00e9rien - rapide et fiable - dans le monde entier, fret a\u00e9rien individuel et fret a\u00e9rien consolid\u00e9, affr\u00e8tement complet et partiel, porte \u00e0 porte (marchandises commerciales), d\u00e9douanement","breadcrumb":{"@id":"https:\/\/kschmied.ch\/fr\/les-transports\/fret-aerien\/#breadcrumb"},"inLanguage":"fr-FR","potentialAction":[{"@type":"ReadAction","target":["https:\/\/kschmied.ch\/fr\/les-transports\/fret-aerien\/"]}]},{"@type":"ImageObject","inLanguage":"fr-FR","@id":"https:\/\/kschmied.ch\/fr\/les-transports\/fret-aerien\/#primaryimage","url":"https:\/\/kschmied.ch\/wp-content\/uploads\/2019\/11\/Luftfracht_f.jpg","contentUrl":"https:\/\/kschmied.ch\/wp-content\/uploads\/2019\/11\/Luftfracht_f.jpg","width":300,"height":200,"caption":"Luftfracht, Einzelluftfracht, Sammelluftfracht"},{"@type":"BreadcrumbList","@id":"https:\/\/kschmied.ch\/fr\/les-transports\/fret-aerien\/#breadcrumb","itemListElement":[{"@type":"ListItem","position":1,"name":"Accueil","item":"https:\/\/kschmied.ch\/fr\/"},{"@type":"ListItem","position":2,"name":"les transports","item":"https:\/\/kschmied.ch\/fr\/les-transports\/"},{"@type":"ListItem","position":3,"name":"fret a\u00e9rien"}]},{"@type":"WebSite","@id":"https:\/\/kschmied.ch\/fr\/#website","url":"https:\/\/kschmied.ch\/fr\/","name":"K. SCHMIED AG","description":"Commerce suisse de conteneurs &amp; exp\u00e9dition depuis 1979","publisher":{"@id":"https:\/\/kschmied.ch\/fr\/#organization"},"alternateName":"K. SCHMIED AG","potentialAction":[{"@type":"SearchAction","target":{"@type":"EntryPoint","urlTemplate":"https:\/\/kschmied.ch\/fr\/?s={search_term_string}"},"query-input":{"@type":"PropertyValueSpecification","valueRequired":true,"valueName":"search_term_string"}}],"inLanguage":"fr-FR"},{"@type":"Organization","@id":"https:\/\/kschmied.ch\/fr\/#organization","name":"K. SCHMIED AG","alternateName":"K. SCHMIED AG","url":"https:\/\/kschmied.ch\/fr\/","logo":{"@type":"ImageObject","inLanguage":"fr-FR","@id":"https:\/\/kschmied.ch\/fr\/#\/schema\/logo\/image\/","url":"https:\/\/kschmied.ch\/wp-content\/uploads\/2020\/07\/LOGO-gross.jpg","contentUrl":"https:\/\/kschmied.ch\/wp-content\/uploads\/2020\/07\/LOGO-gross.jpg","width":770,"height":240,"caption":"K. SCHMIED AG"},"image":{"@id":"https:\/\/kschmied.ch\/fr\/#\/schema\/logo\/image\/"},"sameAs":["https:\/\/ch.linkedin.com\/company\/k-schmied-ag"],"description":"K. SCHMIED AG ist ein f\u00fchrendes Unternehmen im Bereich Containerverkauf und -vermietung in der Schweiz. Mit langj\u00e4hriger Erfahrung bieten wir unseren Kunden robuste, langlebige Seecontainer, Lagercontainer und Schnellbaucontainer in verschiedenen Gr\u00f6\u00dfen und Ausf\u00fchrungen. Unser Service umfasst auch Transportl\u00f6sungen, ma\u00dfgeschneiderte Containeranforderungen und weltweiten Versand. Qualit\u00e4t, Kundenzufriedenheit und Zuverl\u00e4ssigkeit stehen bei uns an erster Stelle.","email":"info@kschmied.ch","telephone":"041 811 30 03","legalName":"K. SCHMIED internat. Transporte & Handels AG","foundingDate":"1979-01-01","vatID":"CHE-107.962.018 MWST","taxID":"CHE-107.962.018 MWST","numberOfEmployees":{"@type":"QuantitativeValue","minValue":"1","maxValue":"10"}}]}},"_links":{"self":[{"href":"https:\/\/kschmied.ch\/fr\/wp-json\/wp\/v2\/pages\/28971","targetHints":{"allow":["GET"]}}],"collection":[{"href":"https:\/\/kschmied.ch\/fr\/wp-json\/wp\/v2\/pages"}],"about":[{"href":"https:\/\/kschmied.ch\/fr\/wp-json\/wp\/v2\/types\/page"}],"author":[{"embeddable":true,"href":"https:\/\/kschmied.ch\/fr\/wp-json\/wp\/v2\/users\/1"}],"replies":[{"embeddable":true,"href":"https:\/\/kschmied.ch\/fr\/wp-json\/wp\/v2\/comments?post=28971"}],"version-history":[{"count":0,"href":"https:\/\/kschmied.ch\/fr\/wp-json\/wp\/v2\/pages\/28971\/revisions"}],"up":[{"embeddable":true,"href":"https:\/\/kschmied.ch\/fr\/wp-json\/wp\/v2\/pages\/28817"}],"wp:featuredmedia":[{"embeddable":true,"href":"https:\/\/kschmied.ch\/fr\/wp-json\/wp\/v2\/media\/28972"}],"wp:attachment":[{"href":"https:\/\/kschmied.ch\/fr\/wp-json\/wp\/v2\/media?parent=28971"}],"curies":[{"name":"wp","href":"https:\/\/api.w.org\/{rel}","templated":true}]}}

fret aérien

<div id="pl-28971"  class="panel-layout" ><div id="pg-28971-0"  class="panel-grid panel-no-style" ><div id="pgc-28971-0-0"  class="panel-grid-cell" ><div id="panel-28971-0-0-0" class="so-panel widget widget_black-studio-tinymce widget_black_studio_tinymce panel-first-child panel-last-child" data-index="0" ><h3 class="widget-title"><span class="widget-title__inline">LUFTFRACHT – WELTWEIT</span></h3><div class="textwidget"><p>Luftfracht - wenn Fixkosten gesenkt und Lieferzeiten verkürzt werden müssen.</p>
<p>Zugang zu allen Airlines und unser weltweites Agentennetzwerk ermöglichen Schnelligkeit und eine hohe Flexibilität die zum erreichen dieser Ziele beitragen. Langjährige Erfahrung im Bereich von <strong>Einzel-, Sammel- und Charter-Luftfracht</strong> sichert die Zuverlässigkeit welche oft entscheidend ist.</p>
<p>Als kleines, dynamisches Team bieten wir Ihnen unkomplizierte Lösungen und direkte Ansprechpartner um auch den höchsten, logistischen Anforderungen gerecht zu werden. Die Vorteile von kurzen Reaktionszeiten durch massgeschneiderte Lösungen liegen auf der Hand.</p>
<p>Gerne optimieren wir auch Ihre Laufzeiten und steigern damit Ihre Effizienz.</p>
</div></div></div><div id="pgc-28971-0-1"  class="panel-grid-cell" ><div id="panel-28971-0-1-0" class="so-panel widget widget_black-studio-tinymce widget_black_studio_tinymce panel-first-child panel-last-child" data-index="1" ><div class="textwidget"><p><img loading="lazy" decoding="async" class="aligncenter wp-image-682 size-medium" title="Luftfracht" src="https://www.kschmied.ch/wp-content/uploads/2016/03/Air_kl-Kopie-200x300.jpg" alt="Luftfracht" width="200" height="300" srcset="https://kschmied.ch/wp-content/uploads/2016/03/Air_kl-Kopie-200x300.jpg 200w, https://kschmied.ch/wp-content/uploads/2016/03/Air_kl-Kopie.jpg 283w" sizes="auto, (max-width: 200px) 100vw, 200px" /></p>
<p>&nbsp;</p>
<p style="text-align: center;"><span class='maxbutton-6-container mb-container'><a class="maxbutton-6 maxbutton maxbutton-anfrage-transport" href="https://www.kschmied.ch/kontakt/transportanfrage/"><span class='mb-text'>TRANSPORTKOSTEN ANFRAGEN</span></a></span></p>
</div></div></div></div><div id="pg-28971-1"  class="panel-grid panel-no-style" ><div id="pgc-28971-1-0"  class="panel-grid-cell" ><div id="panel-28971-1-0-0" class="so-panel widget widget_black-studio-tinymce widget_black_studio_tinymce panel-first-child panel-last-child" data-index="2" ><div class="textwidget"><p><span style="color: #000000;"><strong>TRANSPORTGÜTER</strong></span></p>
<p>- Normalgut<br />
- Gefahrengut (DGR)<br />
- Kühlgut<br />
- Schwer-/Übermassgut</p>
<p><span style="color: #000000;"><strong>VOLUMEN</strong></span></p>
<p>- Einzel- &amp; Sammelluftfracht<br />
- Voll- &amp; Teilcharter</p>
</div></div></div><div id="pgc-28971-1-1"  class="panel-grid-cell" ><div id="panel-28971-1-1-0" class="so-panel widget widget_black-studio-tinymce widget_black_studio_tinymce panel-first-child panel-last-child" data-index="3" ><div class="textwidget"><p><span style="color: #000000;"><strong>SERVICE</strong></span></p>
<p>- Door-to-Door<br />
- Zollabwicklung<br />
- Versicherung<br />
- Verpackung<br />
- Neutralisation<br />
- Etikettierung<br />
- Lagerung</p>
<p>&nbsp;</p>
</div></div></div><div id="pgc-28971-1-2"  class="panel-grid-cell" ><div id="panel-28971-1-2-0" class="so-panel widget widget_black-studio-tinymce widget_black_studio_tinymce panel-first-child panel-last-child" data-index="4" ><div class="textwidget"><p><span style="color: #000000;"><strong>NÜTZLICHE LINKS</strong></span></p>
<p>- <a href="https://www.track-trace.com/aircargo" target="_blank" rel="noopener">AIR Tracking</a><br />
- <a href="https://www.iata.org/publications/pages/code-search.aspx" target="_blank" rel="noopener">Airline &amp; Airport Codes</a></p>
</div></div></div><div id="pgc-28971-1-3"  class="panel-grid-cell" ><div id="panel-28971-1-3-0" class="so-panel widget widget_black-studio-tinymce widget_black_studio_tinymce panel-first-child panel-last-child" data-index="5" ><div class="textwidget"><p style="text-align: left;"><a href="http://www.kschmied.ch/wp-content/uploads/2015/04/LUFTFRACHT.pdf" target="_blank" rel="noopener"><img loading="lazy" decoding="async" class="aligncenter wp-image-737 size-full" src="https://www.kschmied.ch/wp-content/uploads/2015/04/pdf-icon.png" alt="LUFTFRACHT.PDF" width="96" height="96" /></a></p>
</div></div></div></div></div>

<p>Rapide et fiable : Le réseau de fret aérien est l&rsquo;une des options de transport les plus fiables et les plus rapides de toutes. Des liaisons directes et un grand nombre de vols de correspondance permettent des livraisons dans les villes les plus importantes du monde en 1 à 3 jours. 3-5 jours ou plus ne doivent être calculés que pour les destinations difficiles à atteindre.</p>

<!-- This site is optimized with the Yoast SEO Premium plugin v27.4 (Yoast SEO v27.4) - https://yoast.com/product/yoast-seo-premium-wordpress/ -->
<title>Fret Aérien - FRET AÉRIEN / Fret Aérien Unique / Fret Aérien Consolidé</title>
<meta name="description" content="Fret aérien - rapide et fiable - dans le monde entier, fret aérien individuel et fret aérien consolidé, affrètement complet et partiel, porte à porte (marchandises commerciales), dédouanement" />
<meta name="robots" content="index, follow, max-snippet:-1, max-image-preview:large, max-video-preview:-1" />
<link rel="canonical" href="https://kschmied.ch/fr/les-transports/fret-aerien/" />
<meta property="og:locale" content="fr_FR" />
<meta property="og:type" content="article" />
<meta property="og:title" content="K. SCHMIED AG – Containerverkauf Schweiz" />
<meta property="og:description" content="Ihr Partner für Seecontainer und Lagercontainer in der Schweiz – zum Kauf oder zur Miete, mit optionalem Kranablade-Service." />
<meta property="og:url" content="https://kschmied.ch/fr/les-transports/fret-aerien/" />
<meta property="og:site_name" content="K. Schmied AG – Conteneurs &amp; Expédition Suisse" />
<meta property="og:image" content="https://kschmied.ch/wp-content/uploads/2019/11/Luftfracht_f.jpg" />
	<meta property="og:image:width" content="300" />
	<meta property="og:image:height" content="200" />
	<meta property="og:image:type" content="image/jpeg" />
<meta name="twitter:card" content="summary_large_image" />
<meta name="twitter:label1" content="Durée de lecture estimée" />
	<meta name="twitter:data1" content="1 minute" />
<!-- / Yoast SEO Premium plugin. -->

Fret Aérien - FRET AÉRIEN / Fret Aérien Unique / Fret Aérien Consolidé

Fret aérien - rapide et fiable - dans le monde entier, fret aérien individuel et fret aérien consolidé, affrètement complet et partiel, porte à porte (marchandises commerciales), dédouanement

Ihr Partner für Seecontainer und Lagercontainer in der Schweiz – zum Kauf oder zur Miete, mit optionalem Kranablade-Service.

K. Schmied AG – Conteneurs &amp; Expédition Suisse

Commerce suisse de conteneurs &amp; expédition depuis 1979

K. SCHMIED AG ist ein führendes Unternehmen im Bereich Containerverkauf und -vermietung in der Schweiz. Mit langjähriger Erfahrung bieten wir unseren Kunden robuste, langlebige Seecontainer, Lagercontainer und Schnellbaucontainer in verschiedenen Größen und Ausführungen. Unser Service umfasst auch Transportlösungen, maßgeschneiderte Containeranforderungen und weltweiten Versand. Qualität, Kundenzufriedenheit und Zuverlässigkeit stehen bei uns an erster Stelle.
